?
True
Is 11351 prime?
True
Is 55291 composite?
False
Is 555935 a composite number?
True
Is 173363 a prime number?
False
Is 3719 a composite number?
False
Is 8531 prime?
False
Is 43391 composite?
False
Is 6337 prime?
True
Is 46381 composite?
False
Is 71477 prime?
False
Is 8063 composite?
True
Is 127337 a prime number?
False
Is 6947 a composite number?
False
Is 12769 composite?
True
Is 71741 a composite number?
False
Is 197711 prime?
True
Is 269147 composite?
True
Is 3967 a composite number?
False
Is 37117 a prime number?
True
Is 32633 a prime number?
True
Is 123941 a composite number?
False
Is 167009 a prime number?
True
Is 31669 a composite number?
True
Is 2302 a composite number?
True
Is 118453 a prime number?
True
Is 1369549 prime?
False
Is 529 a prime number?
False
Is 14005 composite?
True
Is 1368101 composite?
True
Is 1010155 prime?
False
Is 8986 composite?
True
Is 333903 prime?
False
Is 8083 composite?
True
Is 11101 composite?
True
Is 15493 composite?
False
Is 251857 a prime number?
True
Is 77191 prime?
True
Is 35201 a prime number?
True
Is 1625597 prime?
False
Is 34403 a prime number?
True
Is 534367 a composite number?
False
Is 126118 composite?
True
Is 9133 a composite number?
False
Is 14207 a composite number?
False
Is 247371 composite?
True
Is 169805 prime?
False
Is 414787 a prime number?
False
Is 6599 composite?
False
Is 653197 a composite number?
False
Is 25667 prime?
True
Is 1207105 a composite number?
True
Is 1084171 a prime number?
False
Is 4399 prime?
False
Is 13997 prime?
True
Is 2504837 a prime number?
True
Is 1361 a composite number?
False
Is 64205 composite?
True
Is 772721 prime?
True
Is 20901 prime?
False
Is 41619 composite?
True
Is 86839 prime?
False
Is 2107415 prime?
False
Is 43063 composite?
False
Is 13963 a prime number?
True
Is 194659 a composite number?
False
Is 43069 a prime number?
False
Is 66971 composite?
True
Is 707747 a prime number?
True
Is 16333 prime?
True
Is 489299 prime?
True
Is 21961 prime?
True
Is 24194 composite?
True
Is 1280779 a composite number?
True
Is 298813 a prime number?
False
Is 2461 prime?
False
Is 13331 a prime number?
True
Is 32957 composite?
False
Is 39659 a composite number?
False
Is 629 prime?
False
Is 118045 a prime number?
False
Is 8741 prime?
True
Is 22985 prime?
False
Is 120749 a prime number?
True
Is 274433 a composite number?
True
Is 182285 a prime number?
False
Is 843 a prime number?
False
Is 237397 a composite number?
True
Is 22579 prime?
False
Is 1621 a prime number?
True
Is 6248969 prime?
True
Is 157153 composite?
True
Is 7150837 a composite number?
False
Is 107419 composite?
True
Is 141239 composite?
True
Is 801641 a prime number?
True
Is 6787 composite?
True
Is 35099 prime?
True
Is 19021 a composite number?
True
Is 5903 prime?
True
Is 1563 a composite number?
True
Is 48647 prime?
True
Is 112655 composite?
True
Is 6997 composite?
False
Is 1298371 composite?
False
Is 8861 prime?
True
Is 688939 composite?
False
Is 20395 composite?
True
Is 1597 a composite number?
False
Is 479 a prime number?
True
Is 1763 a prime number?
False
Is 277483 a composite number?
False
Is 15359 prime?
True
Is 42629 a composite number?
True
Is 11351 prime?
True
Is 53231 a prime number?
True
Is 1361 prime?
True
Is 56701 a composite number?
False
Is 283687 prime?
True
Is 1594391 a composite number?
True
Is 46803 a composite number?
True
Is 67289 a composite number?
False
Is 212081 a composite number?
False
Is 1489867 composite?
False
Is 33973 a composite number?
True
Is 217157 a composite number?
False
Is 11179 prime?
False
Is 31145 composite?
True
Is 2333 a prime number?
True
Is 61561 a prime number?
True
Is 319727 a prime number?
True
Is 5603 a composite number?
True
Is 372653 a prime number?
True
Is 244121 a composite number?
False
Is 172693 composite?
True
Is 78497 a composite number?
False
Is 162563 composite?
False
Is 25163 prime?
True
Is 6377 composite?
True
Is 51751 prime?
False
Is 1431367 a prime number?
False
Is 6217 a prime number?
True
Is 576685 prime?
False
Is 465235 a composite number?
True
Is 1017293 a composite number?
False
Is 1766887 prime?
False
Is 89027 composite?
True
Is 48589 prime?
True
Is 219434 composite?
True
Is 375029 prime?
True
Is 4162 a composite number?
True
Is 32551 prime?
False
Is 200579 prime?
True
Is 3463 prime?
True
Is 858931 prime?
True
Is 18589 composite?
True
Is 76085 composite?
True
Is 7411 composite?
False
Is 4751 composite?
False
Is 933233 a prime number?
False
Is 61951 composite?
True
Is 833923 composite?
False
Is 323899 composite?
False
Is 4919 a composite number?
False
Is 1613699 prime?
False
Is 8351 a composite number?
True
Is 7283 prime?
True
Is 319 prime?
False
Is 34993 composite?
True
Is 2059 composite?
True
Is 1432027 a composite number?
True
Is 1639 prime?
False
Is 1048595 a prime number?
False
Is 40141 a composite number?
True
Is 44351 a prime number?
True
Is 121181 a prime number?
True
Is 2321 prime?
False
Is 314799 composite?
True
Is 136043 a composite number?
False
Is 442049 a prime number?
False
Is 456103 prime?
False
Is 5897 a prime number?
True
Is 3268491 composite?
True
Is 543107 composite?
True
Is 666599 prime?
True
Is 38993 a prime number?
True
Is 18355 a prime number?
False
Is 13523 composite?
False
Is 9229 prime?
False
Is 27049 a composite number?
True
Is 163697 composite?
False
Is 157031 a composite number?
True
Is 6377 a prime number?
False
Is 2850391 a composite number?
True
Is 318503 prime?
True
Is 297757 a prime number?
True
Is 31043 a composite number?
True
Is 418547 a composite number?
True
Is 657703 a composite number?
False
Is 1777 a composite number?
False
Is 384271 composite?
True
Is 12791 prime?
True
Is 160541 a prime number?
True
Is 1691 prime?
False
Is 328529 composite?
True
Is 2026357 a prime number?
False
Is 550139 a prime number?
True
Is 18481 prime?
True
Is 583 prime?
False
Is 83177 a prime number?
True
Is 293317 composite?
True
Is 14777 prime?
False
Is 220749 a composite number?
True
Is 15941 prime?
False
Is 10471 a prime number?
False
Is 45941 prime?
False
Is 12941 composite?
False
Is 105199 a prime number?
True
Is 7886 prime?
False
Is 517 composite?
True
Is 395803 composite?
False
Is 17291 a prime number?
True
Is 184313 a composite number?
True
Is 86537 a composite number?
True
Is 1915567 prime?
True
Is 34801 composite?
True
Is 6037 prime?
True
Is 949 composite?
True
Is 473047 a prime number?
False
Is 4265 a composite number?
True
Is 261167 composite?
False
Is 1562191 composite?
False
Is 16041 prime?
False
Is 72194 a prime number?
False
Is 3943 a composite number?
False
Is 469 prime?
False
Is 39659 composite?
False
Is 179777 a prime number?
False
Is 23995 a composite number?
True
Is 4939 a composite number?
True
Is 490843 prime?
False
Is 14669 composite?
False
Is 6931 prime?
False
Is 289061 prime?
False
Is 80633 a composite number?
True
Is 1895 composite?
True
Is 54181 a prime number?
True
Is 3092351 a composite number?
True
Is 13749 prime?
False
Is 16001 a prime number?
True
Is 298283 prime?
True
Is 9743 prime?
True
Is 78661 prime?
False
Is 127973 prime?
True
Is 568453 a prime number?
True
Is 62969 prime?
True
Is 270034 a composite number?
True
Is 2402 composite?
True
Is 46439 a prime number?
True
Is 61059 composite?
True
Is 1504057 a composite number?
False
Is 1570121 prime?
False
Is 39821 prime?
True
Is 770743 prime?
False
Is 19207 composite?
False
Is 3442 composite?
True
Is 7901 composite?
False
Is 9383 a composite number?
True
Is 45233 composite?
False
Is 70607 a composite number?
False
Is 4733485 composite?
True
Is 1523617 a prime number?
True
Is 17677 a prime number?
False
Is 253889 a prime number?
False
Is 270019 a composite number?
True
Is 40987 a composite number?
True
Is 28463 composite?
False
Is 1087 a composite number?
False
Is 68979 prime?
False
Is 87755 composite?
True
Is 27106 a composite number?
True
Is 1209981 a prime number?
False
Is 25961 a prime number?
False
Is 8605 a prime number?
False
Is 1481559 prime?
False
Is 11177 composite?
False
Is 247829 a composite number?
False
Is 10547 prime?
False
Is 19801 composite?
False
Is 1061422 a prime number?
False
Is 55749 composite?
True
Is 61909 a composite number?
False
Is 630823 a prime number?
True
Is 1237049 a composite number?
True
Is 32183 composite?
Fa